t is the highest common factor of m and 10?
10
Let q be 17/(3 + (-112)/38). Calculate the highest common factor of 17 and q.
17
Let p = -16 - -26. Suppose -2*v = 3*c - 16 + 4, -2*c + 8 = 3*v. Let g = v - -4. Calculate the greatest common factor of p and g.
2
Let i(v) = v**3 - 5*v**2 - 4*v - 2. Let d = 22 + -16. Let o be i(d). Calculate the greatest common divisor of 15 and o.
5
Suppose 0 = -2*t - b + 37, 0 = -2*t + 4*b - 3*b + 31. What is the highest common factor of t and 85?
17
Suppose 5*h - 5 = 5. Let t be 20 + (0 - (h - 2)). Suppose -4*p = -p + 5*c - 37, -c + 21 = 4*p. Calculate the greatest common divisor of t and p.
4
Let z(s) = 3*s**3 - 6*s**2 + 5*s + 3. Let y be z(4). What is the highest common factor of y and 34?
17
Let i = -3 - -8. Suppose 24 = -i*h + 194. Suppose 86 + h = 5*j. Calculate the highest common factor of j and 60.
12
Suppose -4*y + 3*g = -265, -3*y + 5*g = -193 + 8. Let t be 2 - 1 - (-1 - 8). Calculate the greatest common factor of t and y.
10
Let a = -40 - -68. Let o be (-28)/(-2)*2/4. Let v be (o/3)/((-1)/(-3)). Calculate the greatest common factor of a and v.
7
Suppose -b = -46 - 4. Let x = 2 + 18. What is the greatest common divisor of b and x?
10
Let d be -1 - ((-1 - -1) + -6). Suppose -a = 4*o + 19, a + 4*o = d*o + 6. Suppose 5*w + 0*w - 40 = 0. What is the highest common divisor of w and a?
1
Let b(o) = o + 13. Let c be b(0). Let k = c + -5. What is the greatest common factor of 12 and k?
4
Suppose -n - 66 = d + 77, -3*n - 705 = 5*d. Let z = d + 201. Calculate the greatest common divisor of 9 and z.
9
Let y(r) = 2*r**3 - r**2 - 2*r + 1. Let c be y(2). Let h be 2/1 - (-60 + 0). Let q = h + 1. What is the highest common factor of q and c?
9
Let c(d) = d**3 - 5*d**2 - 4*d - 7. Let z be c(6). Suppose s = 3*w - 4*w + 9, 0 = -2*s + z*w - 3. Calculate the greatest common factor of 24 and s.
6
Let s(i) = -3 + 8 - i + 0*i. Let g be s(-7). Calculate the highest common factor of 6 and g.
6
Suppose 2*i + 8*v = 3*v + 19, 58 = 5*i + 2*v. Suppose 5*h = -5*f + 55, 3*f - 29 = -2*h + 8*f. Calculate the highest common divisor of h and i.
12
Let f(l) = -2*l**2 + 18*l + 6. Let s be f(8). What is the highest common factor of 242 and s?
22
Suppose -3*u = -0*r - 4*r - 28, -u + 3*r + 16 = 0. Let d = 3 - u. Let s be 2 + 22 - (d + 3). What is the greatest common factor of s and 33?
11
Let x(l) = 3*l - 12. Let t be x(9). What is the greatest common divisor of 165 and t?
15
Suppose -12 = -3*a + 6*a + 3*n, -a = -n - 6. Calculate the highest common divisor of 4 and a.
1
Let j(c) = 2*c**2 - 2*c - 1. Let q be j(3). Let g be (-2)/q + 4172/77. Calculate the greatest common factor of g and 36.
18
Let v be (240/18)/(4/42). Calculate the highest common divisor of 28 and v.
28
Let u(g) = 3 - g**3 + 2*g**3 - 4*g + 3*g**2 - 1. Let n be u(-4). Suppose -h - 3 = -n*h. What is the highest common divisor of 33 and h?
3
Let m(c) = -c**3 - 4*c**2 + c - 5. Let s be m(-5). Suppose -3*f + 9 = -0. Calculate the greatest common divisor of s and f.
3
Let x(q) = -q**3 + q**2 + 5 + 1 + 3*q + 0 - 3. Let i be x(-2). What is the highest common divisor of 45 and i?
9
Let p(t) = 9 - 2*t**3 - t + t**3 - 4*t**2 + 3*t**2. Let u be p(0). What is the greatest common factor of 45 and u?
9
Let f = 10 + -5. Let u be 0/(-1 + 2 - 0). Let n be u + 10 + 0 + 0. What is the greatest common divisor of n and f?
5
Let k be ((-3)/9)/((-1)/(-3)). Let d = k + 9. What is the greatest common divisor of d and 4?
4
Suppose -58 = -2*b + 236. Let h be (-6)/21 - (-639)/7. Suppose -28 = 3*l - h. What is the highest common divisor of b and l?
21
Let y = 54 - 12. What is the greatest common factor of 28 and y?
14
Let a(c) = c + 4*c**2 - c. Let w be a(-1). Suppose 0*y + 28 = 4*t + w*y, 4*t = -2*y + 26. What is the greatest common factor of 54 and t?
6
Suppose -16 = -w + 4*l - 0, 0 = 2*w - 5*l - 41. Let v(o) = -14*o - 2. Let u be v(1). Let s = u + w. What is the highest common divisor of s and 60?
12
Let m(q) = -37*q + 6. Let u be m(-2). What is the highest common divisor of 120 and u?
40
Suppose 0 = -7*j + 5*j + 16. Let w = j - 5. Let z = 0 + w. What is the greatest common divisor of 12 and z?
3
Let y(u) = u**3 + 3*u**2 - u + 1. Let i be y(-3). Let a be (13/(-52))/((-1)/i). What is the greatest common divisor of 2 and a?
1
Suppose 5*r + 9 - 49 = 0. Calculate the highest common factor of r and 72.
8
Let j = -31 + 66. Suppose -j - 5 = -5*k. What is the highest common factor of 56 and k?
8
Let m(o) = -o**2 - 18*o - 5. Let x be m(-13). Suppose -2*f - w + 28 = -0*w, 5*f + 5*w - 65 = 0. What is the greatest common divisor of f and x?
15
Let h be (-718)/(-4) + (-15)/(-30). Suppose y = -y + h. Calculate the highest common factor of 36 and y.
18
Let m(x) = x**3 + 7*x**2 - x - 1. Let w be m(-6). Suppose 5*z = w + 79. Let g be z/(-10)*(-30)/4. What is the highest common factor of g and 9?
9
Let g(h) = h**3 - 8*h**2 + 9*h - 1. Let v be g(7). What is the greatest common divisor of v and 13?
13
Let y(r) = -r**3 - r**2 + 4*r. Let i be y(-3). Suppose 0 = 4*l + 23 - 71. Calculate the greatest common factor of i and l.
6
Let g(o) = o**3 - 2*o**2 - o - 8. Let d be g(4). Calculate the highest common divisor of 30 and d.
10
Let k(i) = 5*i - 85. Let z be k(20). What is the greatest common divisor of 30 and z?
15
Let i be (-3 + (-28)/(-8))*6. Suppose -h + i*l + 32 = 0, l - 17 - 39 = -3*h. Calculate the highest common factor of 220 and h.
20
Let d be ((-18)/(-12))/(9/240). Calculate the highest common factor of d and 10.
10
Let a be -2*(-3)/((-6)/(-235)). What is the highest common divisor of 47 and a?
47
Suppose -5*f - 2*c + c + 74 = 0, 62 = 4*f - 2*c. Suppose -g + 0*g = -f. What is the greatest common factor of 15 and g?
15
Let q(t) = t**2 + 5*t - 4. Let d be q(-10). What is the highest common divisor of d and 69?
23
Suppose -26 = 5*i - 111. Suppose 2*b = i + 7. Let z = -76 + 136. Calculate the greatest common factor of b and z.
12
Let y(l) = -l + 18. Suppose 21 = -3*v - 6. Let j be y(v). What is the greatest common factor of 27 and j?
27
Suppose -j - 2*l + 1 = 0, l + 16 = j - 0. Suppose -k = -22 - 99. Calculate the highest common divisor of k and j.
11
Let h be (3/6)/(2/8). What is the highest common divisor of 10 and h?
2
Suppose -1 = t - 37. What is the greatest common factor of 4 and t?
4
Suppose -3*m - 2*v = -62, 4*v - 58 = -m - 2*m. What is the greatest common divisor of m and 11?
11
Suppose 3*z = -0*z + 9. Suppose 0 = z*t - 5*h + 1, 0*h = -4*t - 5*h + 57. Calculate the highest common factor of 16 and t.
8
Let m(q) = -2*q**3 + 9*q**2 - q + 1. Let y be m(4). Calculate the highest common divisor of 13 and y.
13
Let g be (-931)/38*(-3 + 1). Calculate the greatest common factor of g and 7.
7
Let q = 177 - 173. Let b(o) = -o**3 + 7*o**2 - 6*o. Let u be b(5). What is the greatest common factor of u and q?
4
Let o(g) be the second derivative of -g**5/20 - g**4/6 + 2*g**3/3 - 5*g**2/2 - g. Let z be o(-4). What is the greatest common divisor of z and 11?
11
Suppose 15 + 21 = 4*f. Calculate the highest common factor of f and 18.
9
Suppose 3 = 5*h - 62. What is the greatest common divisor of 104 and h?
13
Suppose -i = i + 4*j - 4, -3*j = 4*i - 8. Suppose 3*w + 2*w - 16 = 2*n, 0 = w - i*n. Let x = 0 + 2. Calculate the greatest common divisor of w and x.
2
Let c(s) = s**2 + 1. Let k be c(1). What is the greatest common factor of 6 and k?
2
Suppose 5*b + 0*b - 210 = 0. Calculate the highest common divisor of 336 and b.
42
Suppose -5*s - 460 = -s. Let o = s + 172. Let r be (-2)/8 - o/(-4). Calculate the highest common factor of r and 28.
14
Suppose -29 + 5 = -3*z. Suppose z = q + q. Let i = 91 + -59. What is the greatest common factor of i and q?
4
Suppose 176 = 2*s + 2*l, 2*s - 156 = -0*l + 3*l. What is the highest common divisor of 24 and s?
12
Suppose 0 = -0*x + 5*x. Suppose x = -6*k + 2*k + 288. What is the greatest common factor of 18 and k?
18
Let x = -44 - -58. Calculate the greatest common divisor of x and 28.
14
Suppose -4*c - 2*n + 14 = -2, -c - 5*n = 5. What is the greatest common factor of c and 5?
5
Let p = 3 + 0. Suppose -2*f + p*w = 2*w - 29, 4*f - w - 61 = 0. Calculate the highest common divisor of 40 and f.
8
Let h(q) = -q**2 + q + 2 + 3*q - 3*q + 3*q. Let u be h(4). Let v be ((-40)/(-70))/(4/14). What is the grea